e 70 - (l + (-4 - -8)). Suppose 25 = -3*b + m. Does 5 divide b?
True
Let n = -206 + 213. Suppose -1037 = -n*w + 1784. Is 65 a factor of w?
False
Suppose m = -4*x - 2, 8 = 2*x - 5*m - 2. Let k be x/((0 - 2)*-1). Does 9 divide (k/2 - 3) + 72 - 0?
False
Suppose 3*o = -4*t + 1457, 1462 + 959 = 5*o + 3*t. Is o a multiple of 2?
False
Let n(q) = -q**2 + 2 + 2 - 5*q**3 + 8*q**2 - 3*q + 8*q + 3. Is n(-5) a multiple of 46?
True
Let r(w) = 388*w - 48. Let t be r(3). Suppose -180*c - t = -184*c. Does 8 divide c?
False
Let p(f) = 3*f + 9. Let j be p(-3). Suppose 5*t + 3*c = 8, -c - 8 = -j*t - t. Suppose t*n - 10*n + 396 = 0. Is 11 a factor of n?
True
Suppose -5*w + 138963 = -4*k, -16*k + 12 = -12*k. Is w a multiple of 143?
False
Suppose 867*h + 52362 = 869*h + 2*v, -v = 2. Does 46 divide h?
False
Let y(i) = -i**3 - 10*i**2 + 22*i - 23. Let h(w) = w**3 + 4*w**2 - w + 7. Let k be h(-5). Is 22 a factor of y(k)?
True
Let m(a) = -1490*a + 442. Let p be m(34). Is 63 a factor of ((-4)/7)/(68/p)?
False
Let h(p) be the third derivative of -p**6/120 - p**5/5 - p**4/2 - 13*p**3/6 - 17*p**2. Let o be h(-11). Is 9 a factor of (o + (0 - -3))*46?
False
Let u be 178*3/2 + -5. Let b = u + -144. Is b a multiple of 32?
False
Suppose 0 = 4*q + 4*s - 18532, 2*q - s - 12867 + 3607 = 0. Suppose 7*m - 283 - q = 0. Is m a multiple of 78?
True
Is 5441 + -15*(-92)/115 a multiple of 41?
True
Suppose -36*g - 44*g + 995334 = -1984826. Is g a multiple of 268?
True
Is (-55)/((-10)/(-4 - -244)) a multiple of 20?
True
Suppose -54341 = -42*o + 6979. Does 10 divide o?
True
Suppose -77*l + 129439 = -14551. Is 46 a factor of l?
False
Suppose 150 = -11*q + 304. Let f = 175 - q. Is 4 a factor of f?
False
Let i(c) = 40*c + 1. Let k be i(1). Suppose -36*x = -k*x + 6560. Does 16 divide x?
True
Let z(q) = 121*q**2 + 307*q + 3358. Is 166 a factor of z(-12)?
True
Let w = -1491 - -4207. Is w a multiple of 2?
True
Let b(t) = 223*t**2 - 5*t - 28. Does 11 divide b(-4)?
False
Let a(j) = -34*j - 1060. Let c be a(-29). Let n = 4 - 6. Let q = n - c. Is 12 a factor of q?
True
Let b(h) be the first derivative of h**4/2 + 37*h**3/3 + 5*h**2/2 + 32*h - 52. Is b(-18) a multiple of 14?
True
Suppose 7*x - 8512 = -4*z + 9*x, 5*z - 2*x = 10637. Does 125 divide z?
True
Let j(c) = -11*c + 36. Let f be j(14). Let n = 335 + f. Is n a multiple of 31?
True
Suppose 176*q = 163*q + 13156. Does 46 divide q?
True
Let n(z) = -18*z - 232. Let r be n(-13). Suppose -r*y = -267 - 1189. Is y a multiple of 14?
True
Let n(v) = -v**3 + 20*v**2 + 87*v + 44. Is 83 a factor of n(-18)?
True
Suppose -9*t = -6*t - 9. Suppose t*p + 480 = 9*p. Is 40 a factor of p?
True
Suppose 0 = -4*x - 5*f + 164102 + 53502, 0 = 5*f + 40. Is x a multiple of 21?
True
Let j = -14 + 18. Suppose c + 2*c = 4*b - 14, j*c + 2 = -3*b. Suppose 89 = 3*a + 4*r - 76, b*a = -2*r + 110. Does 24 divide a?
False
Let o(r) = 8*r - 70. Let y be o(10). Is -5 + 1 - (-2980)/y a multiple of 21?
True
Suppose 2194 = 2*g - 5*n - 793, -3*n - 2993 = -2*g. Suppose -2115 = -5*d - 5*z, -4*d = z - g - 197. Does 34 divide d?
False
Suppose -6*y + 1288 = -20. Suppose -y = -7*r + 503. Is r a multiple of 16?
False
Let g(k) = 11 + 5*k**3 - 10*k - 2*k**3 + 0*k**2 - 8*k**2 - 2*k**3. Let w be g(9). Suppose -6 = -w*t, -5*u = 4*t - 6 - 21. Is 3 a factor of u?
True
Let n = -39955 - -96562. Is n a multiple of 96?
False
Let d = -876 + 2100. Suppose -d = 5*n - 324. Is 13 a factor of (88/3)/(-6*4/n)?
False
Let g(t) = 59*t + 215. Let f be g(18). Let k = -509 + f. Does 8 divide k?
True
Suppose 2*j = 1 + 5. Let i be 52/j*(-42)/(-28). Suppose -f - 7 = -i. Is f a multiple of 3?
False
Suppose -17 + 3 = -2*f + 3*a, -5*f + 35 = 2*a. Is 175/8 + f/392*7 a multiple of 11?
True
Suppose 4181 = 3*q - 3634. Does 11 divide q?
False
Let c(v) = 1. Let x(r) = -2*r**2 + r - 5. Let t(f) = -5*c(f) - x(f). Suppose i + j + 3 = -4*j, -5*i - 3*j = -7. Is 6 a factor of t(i)?
True
Suppose 0 = -2*g - 3*u + 5220 + 1806, 30 = 5*u. Is 11 a factor of g?
False
Suppose 99 = -12*k + 45*k. Suppose -3*n = -q + 87, -3*n - 447 = -2*q - k*q. Does 15 divide q?
True
Suppose 3*w + 3*s - 144 = 0, 2*w - 147 = -2*w + 5*s. Is 3 a factor of (1032/w)/((1/(-1))/(-4))?
True
Suppose -5*i = 3*y - 17005, 0 = -5*y - 4*i + 2391 + 25942. Is 44 a factor of y?
False
Suppose -4*m + 9*m + i = 26, -9 = -m - 4*i. Suppose m*o = -o. Suppose o = -2*d + 178 + 14. Is 12 a factor of d?
True
Let z = -519 - -5587. Does 156 divide z?
False
Let v be (-5 - -6)*4 - 106. Let b = -79 - v. Let g = 124 + b. Is g a multiple of 20?
False
Let l(h) = 54*h - 46. Is 122 a factor of l(37)?
True
Let d(y) = -y + 1002. Is d(52) a multiple of 38?
True
Let n be (-6908)/(-60) - 10/75. Let p = n - 24. Does 25 divide p?
False
Let q be (-1)/3 + 0 + 53240/60. Let n = q + -574. Is n a multiple of 22?
False
Let m be ((-15)/1)/((-55)/8195). Suppose -5*s + 3*x + m = -0*x, 3*s - x = 1345. Is s a multiple of 20?
False
Suppose 4*o = 3*a + 32, -2*a - 15 = 3*o - 5. Let y(d) = -d**3 - 6*d**2 + 9*d + 14. Does 5 divide y(a)?
True
Let a be ((-1)/(-3))/(-1) + 397408/264. Suppose -12*x + a = -1135. Does 4 divide x?
True
Let k = -126 + 361. Suppose -90 - k = -2*a + 5*i, -510 = -3*a + 3*i. Suppose -a*o + 176*o - 4 = 0. Does 2 divide o?
True
Let m(r) = -15*r**2 - 20*r**3 - 11*r**3 + 29*r**3 - 12 - 10*r. Does 12 divide m(-10)?
True
Let a(h) = -h**3 - 5*h**2 - 8*h - 37. Let o be a(-5). Suppose -n = -15 - 60. Suppose -n = -q - o. Does 9 divide q?
True
Let w(k) = k**3 + 27*k**2 + 2*k + 40. Let r be w(-27). Is -2 + ((-48)/84 - 540/r) a multiple of 18?
True
Let i(x) = 14 + 14 + 8 - 1 + 3*x. Let b be i(-11). Does 2 divide 1*b/(-4)*4 + 41?
False
Let t = 19739 + -14880. Is t a multiple of 8?
False
Suppose 4*t = 6*t - 602. Suppose 71*o - 98 = 169*o. Does 20 divide (o + 2)*-1 + t?
True
Suppose 3*s = -7*s + 210. Suppose -3*b + 5*i + 15 = b, s = 4*b + i. Suppose 4*c = -c + 4*w + 214, 0 = -c - b*w + 37. Is 14 a factor of c?
True
Suppose 0*m - 10650 = -2*j - 3*m, 5*m + 21366 = 4*j. Is j a multiple of 14?
True
Let h(m) = 2*m + 2*m**3 + 1100 - 3*m - 1102. Let i = 137 - 135. Is h(i) a multiple of 11?
False
Suppose -2*v = c - 3101 - 10265, 53492 = 4*c + v. Is c a multiple of 18?
True
Suppose -3*r = 4*v + 75 + 14, -r - 30 = v. Let o = 43 + r. Is o/(-42) - (-718)/14 a multiple of 17?
True
Let s be (-4)/(3/(-6*8)). Suppose d + s = -c + 3*c, 22 = c + 2*d. Does 2 divide 220/c + 2/(-6)?
False
Suppose 0 = -30*s + 8882 + 7948. Let r = s - 423. Is r a multiple of 6?
True
Let a(v) = 18*v - 74. Let i(y) = 72*y + 22 + 48 - 84*y - 21. Let j(o) = 5*a(o) + 8*i(o). Is j(-13) a multiple of 10?
True
Let d = 493 - -163. Is 10 a factor of -4 + -2 + d + 1?
False
Let i be ((-27)/(-6))/((-42)/(-28)). Suppose -i*h - k = -592 - 716, 4*h = 5*k + 1744. Does 12 divide h?
False
Is 9 a factor of 42/35 + (-795565)/(-175) + (-2)/7?
False
Let g(m) be the third derivative of 5*m**4/6 - 6*m**3 + 24*m**2. Let x be g(11). Let l = x - 32. Does 32 divide l?
False
Suppose -2007 = -2*v - f, 2*f - 96 = -2*v + 1902. Is 18 a factor of v?
True
Suppose 2*l - 1176 = 4*n, 4*l - 4*n - 1978 = 374. Let a = l - -347. Is a a multiple of 17?
True
Let n be ((-411)/(-2))/3*(2 + 0). Let w = 145 - n. Is 8 a factor of w?
True
Suppose -19*q = -5*q - 882. Let x = q - 66. Let i(u) = -35*u + 15. Is i(x) a multiple of 13?
False
Let l be ((-4)/(-16))/(1/20). Suppose -8*f = -10*f - 3*w + 47, -80 = -3*f + l*w. Does 14 divide f?
False
Let j(s) = 10*s**3 - 10*s**2 - 48*s + 424. Does 17 divide j(12)?
False
Suppose 0 = 3*z - 24*z + 118818. Is z a multiple of 4?
False
Let a(t) = 1198*t - 4038. Does 8 divide a(17)?
True
Is 106 a factor of (4388/3)/(-2)*(-22 + 3 - -16)?
False
Let k be 149 - -14 - (1 + (-4)/1). Suppose -14 = -5*p + 166. Let h = k - p. Does 13 divide h?
True
Let q(h) = 937*h**2 - 38*h - 164. Does 125 divide q(-4)?
False
Suppose -4*w + 8*w - 2*v + 470 = 0, -3*w + v = 351. Let l = -80 - w. Is 16 a factor of l?
False
Let i = 144 + -140. Suppose -i*p - t = -1468, 0 = 4*p + 4*t - 1326 - 130. Is p a multiple of 15?
False
Let x be 9 - (1*-7 + 8/2). Let m(y) = 60*y**2 + 0 - x + 9 + 2 - y. Is 10 a factor of m(-1)?
True
Let x(q) = 8*q**2 - 6*q + 132. Let z(d) = -d**2 + 2*d. Let f(o) = x(o) + 3*z(o). Is 13 a factor of f(0)?
False
Suppose -2*u - 313 = -3*q, 3*q = -q - 4*u + 444. Suppose -w + 4*o - 59 = 